s the highest common divisor of 3648 and 768?
192
What is the highest common divisor of 22 and 7656?
22
Calculate the greatest common factor of 1403 and 46.
23
What is the greatest common divisor of 918 and 16218?
306
What is the highest common divisor of 150 and 2600?
50
Calculate the highest common divisor of 963 and 261.
9
What is the highest common factor of 466 and 17009?
233
Calculate the highest common divisor of 69 and 17963.
23
What is the highest common divisor of 42 and 2982?
42
What is the highest common factor of 220 and 40?
20
Calculate the highest common factor of 132 and 28149.
33
Calculate the greatest common factor of 3744 and 54.
18
Calculate the highest common divisor of 230 and 90.
10
Calculate the greatest common factor of 43 and 688.
43
Calculate the highest common factor of 3012 and 12.
12
What is the highest common divisor of 8236 and 568?
284
Calculate the highest common divisor of 391 and 46.
23
What is the highest common factor of 992 and 62?
62
What is the greatest common factor of 91 and 533?
13
What is the highest common factor of 12686 and 2?
2
Calculate the greatest common divisor of 95 and 15.
5
Calculate the highest common factor of 550 and 33.
11
Calculate the highest common factor of 80 and 760.
40
Calculate the highest common factor of 18 and 1008.
18
What is the greatest common factor of 1498 and 70?
14
Calculate the highest common divisor of 68 and 500.
4
What is the highest common divisor of 369 and 54?
9
What is the highest common factor of 324 and 24462?
162
What is the greatest common divisor of 16 and 124?
4
What is the highest common divisor of 48 and 2816?
16
What is the greatest common divisor of 156 and 91?
13
Calculate the greatest common divisor of 108 and 28350.
54
What is the highest common factor of 765 and 1071?
153
What is the highest common factor of 27 and 675?
27
What is the greatest common divisor of 391 and 46?
23
Calculate the highest common factor of 143 and 949.
13
What is the greatest common factor of 388 and 19982?
194
Calculate the greatest common divisor of 270 and 10.
10
Calculate the highest common factor of 4 and 953.
1
What is the highest common factor of 17922 and 58?
58
What is the greatest common factor of 3296 and 2266?
206
What is the greatest common factor of 54 and 4194?
18
Calculate the greatest common divisor of 126 and 15246.
126
What is the greatest common factor of 10 and 95?
5
Calculate the highest common divisor of 604 and 4.
4
What is the highest common divisor of 90 and 54?
18
Calculate the highest common divisor of 7 and 161.
7
What is the highest common divisor of 430 and 5074?
86
What is the greatest common divisor of 8601 and 47?
47
Calculate the greatest common divisor of 38 and 646.
38
What is the highest common divisor of 17 and 119?
17
Calculate the greatest common factor of 4838 and 82.
82
Calculate the greatest common factor of 11514 and 304.
38
What is the greatest common factor of 32 and 2592?
32
Calculate the highest common factor of 65730 and 14.
14
Calculate the highest common factor of 714 and 210.
42
Calculate the highest common divisor of 4396 and 420.
28
What is the highest common divisor of 30 and 696?
6
Calculate the greatest common factor of 50 and 730.
10
Calculate the greatest common factor of 33 and 135.
3
Calculate the greatest common factor of 847 and 77.
77
What is the greatest common divisor of 2889 and 214?
107
What is the greatest common divisor of 62 and 7626?
62
What is the greatest common divisor of 36 and 1044?
36
Calculate the highest common factor of 2816 and 11.
11
What is the greatest common divisor of 1840 and 2070?
230
Calculate the greatest common divisor of 25808 and 24.
8
What is the highest common factor of 21 and 186?
3
What is the highest common divisor of 382 and 4393?
191
Calculate the highest common factor of 4 and 412.
4
Calculate the highest common factor of 472 and 885.
59
What is the highest common factor of 551 and 19?
19
Calculate the highest common divisor of 9 and 9567.
9
Calculate the greatest common factor of 5 and 425.
5
What is the greatest common divisor of 2856 and 21?
21
Calculate the greatest common divisor of 1000 and 64.
8
Calculate the highest common factor of 1 and 570.
1
Calculate the highest common factor of 6072 and 1320.
264
What is the highest common divisor of 66 and 748?
22
Calculate the highest common factor of 273 and 84.
21
What is the highest common factor of 5977 and 172?
43
What is the greatest common factor of 4843 and 29?
29
Calculate the greatest common factor of 1098 and 1037.
61
Calculate the greatest common factor of 1411 and 166.
83
What is the highest common factor of 120 and 25?
5
Calculate the highest common divisor of 59 and 1.
1
What is the greatest common divisor of 539 and 98?
49
What is the greatest common factor of 96 and 3372?
12
Calculate the highest common factor of 31 and 2263.
31
What is the highest common factor of 615 and 123?
123
What is the greatest common factor of 10 and 18610?
10
Calculate the greatest common factor of 792 and 16.
8
Calculate the greatest common divisor of 376 and 4.
4
Calculate the highest common factor of 10736 and 264.
88
Calculate the highest common divisor of 6 and 72.
6
What is the greatest common divisor of 1072 and 16?
16
What is the greatest common factor of 77 and 1067?
11
What is the highest common factor of 81 and 702?
27
Calculate the highest common divisor of 54 and 18.
18
What is the highest common factor of 45 and 144?
9
What is the greatest common divisor of 10 and 810?
10
Calculate the greatest common divisor of 117 and 9204.
39
What is the greatest common factor of 70 and 80?
10
Calculate the highest common factor of 76 and 80.
4
Calculate the greatest common factor of 69 and 23.
23
Calculate the highest common factor of 55 and 28050.
55
Calculate the highest common divisor of 275 and 325.
25
Calculate the highest common factor of 2 and 3006.
2
Calculate the greatest common factor of 221 and 143.
13
What is the greatest common divisor of 5710 and 50?
10
Calculate the greatest common factor of 248 and 217.
31
What is the highest common factor of 744 and 155?
31
What is the greatest common divisor of 66 and 12?
6
Calculate the highest common factor of 357 and 3723.
51
What is the highest common factor of 13620 and 20?
20
What is the greatest common factor of 2456 and 40?
8
Calculate the highest common divisor of 775 and 558.
31
Calculate the highest common factor of 140 and 168.
28
What is the highest common divisor of 55 and 605?
55
What is the greatest common divisor of 35787 and 474?
237
What is the highest common factor of 17 and 4114?
17
What is the highest common factor of 248 and 1674?
62
Calculate the greatest common factor of 86047 and 13.
13
Calculate the highest common factor of 12 and 567.
3
What is the highest common divisor of 6846 and 6?
6
What is the highest common factor of 92 and 46?
46
What is the greatest common divisor of 675 and 1080?
135
Calculate the highest common factor of 646 and 34.
34
What is the greatest common factor of 96 and 1968?
48
Calculate the greatest common factor of 4640 and 160.
160
What is the greatest common divisor of 384 and 276?
12
Calculate the highest common factor of 1660 and 83.
83
Calculate the greatest common divisor of 12 and 246.
6
Calculate the greatest common divisor of 357 and 153.
51
Calculate the greatest common divisor of 156 and 3562.
26
What is the greatest common factor of 15 and 14515?
5
Calculate the greatest common divisor of 425 and 1530.
85
Calculate the greatest common divisor of 120 and 8130.
30
What is the highest common divisor of 9856 and 77?
77
What is the highest common divisor of 390 and 20?
10
What is the greatest common factor of 3905 and 2130?
355
What is the greatest common divisor of 115 and 506?
23
Calculate the highest common divisor of 1694 and 4774.
154
What is the highest common divisor of 336 and 3984?
48
What is the highest common factor of 5 and 15305?
5
What is the greatest common factor of 819 and 525?
21
Calculate the highest common divisor of 2975 and 238.
119
Calculate the highest common divisor of 47 and 38681.
47
Calculate the highest common divisor of 5 and 3205.
5
Calculate the highest common factor of 4 and 300.
